{"id":219,"date":"2023-03-19T15:07:11","date_gmt":"2023-03-19T14:07:11","guid":{"rendered":"http:\/\/dds-kruszyn.wloclawek.pl\/?page_id=219"},"modified":"2023-04-08T20:50:31","modified_gmt":"2023-04-08T18:50:31","slug":"galeria","status":"publish","type":"page","link":"http:\/\/dds-kruszyn.wloclawek.pl\/index.php\/galeria\/","title":{"rendered":"Galeria"},"content":{"rendered":"\t\t<div data-elementor-type=\"wp-page\" data-elementor-id=\"219\" class=\"elementor elementor-219\">\n\t\t\t\t\t\t<section class=\"elementor-section elementor-top-section elementor-element elementor-element-ffcd96d elementor-section-boxed elementor-section-height-default elementor-section-height-default\" data-id=\"ffcd96d\" data-element_type=\"section\">\n\t\t\t\t\t\t<div class=\"elementor-container elementor-column-gap-default\">\n\t\t\t\t\t<div class=\"elementor-column elementor-col-100 elementor-top-column elementor-element elementor-element-8f7a767\" data-id=\"8f7a767\" data-element_type=\"column\">\n\t\t\t<div class=\"elementor-widget-wrap elementor-element-populated\">\n\t\t\t\t\t\t<div class=\"elementor-element elementor-element-1c91c61 section-title-style-default meta-visibility-show title_position_default title_hover_border_default title-default img_hover_animation_default meta_position_default readmore-btn-default-style grid-hover-overlay-type-always tpg-el-box-border-enable tpg-border-bottom-disable elementor-widget elementor-widget-tpg-grid-layout\" data-id=\"1c91c61\" data-element_type=\"widget\" data-widget_type=\"tpg-grid-layout.default\">\n\t\t\t\t<div class=\"elementor-widget-container\">\n\t\t\t\t\t\t\t<div class=\"rt-container-fluid rt-tpg-container tpg-el-main-wrapper clearfix grid-layout4-main \"\n\t\t\t id=\"rt-tpg-container-1233845833\"\n\t\t\t data-layout=\"grid-layout4\"\n\t\t\t data-grid-style=\"tpg-full-height\"\n\t\t\t data-sc-id=\"elementor\"\n\t\t\t data-el-settings=''\n\t\t\t data-el-query=''\n\t\t\t data-el-path=''\n\t\t>\n\t\t\t\t\t\t<div class='tpg-header-wrapper '>\n\t\t\t\t\n        <div class=\"tpg-widget-heading-wrapper rt-clear heading-default \">\n            <span class=\"tpg-widget-heading-line line-left\"><\/span>\n\t\t\t<h2 class='tpg-widget-heading'>\n\t\t\t\n\t\t\t\t<span class='prefix-text'><\/span>Galeria<span class='suffix-text'><\/span>\n\t\t\t\t\t\t\t<\/h2>            <span class=\"tpg-widget-heading-line line-right\"><\/span>\n\n\t\t\t\n        <\/div>\n\n\t\t\n\t\t\t\t\t<\/div>\n\n\t\t\t<div data-title=\"Loading ...\" class=\"rt-row rt-content-loader grid-layout4 grid-behaviour tpg-full-height grid_layout_wrapper\">\n\t\t\t\t\n<div class=\"rt-col-md-6 rt-col-sm-6 rt-col-xs-12 default rt-grid-item\" data-id=\"910\">\n\t<div class=\"rt-holder tpg-post-holder\">\n\t\t<div class=\"rt-detail rt-el-content-wrapper\">\n\t\t\t\t\t\t\t<div class=\"rt-img-holder tpg-el-image-wrap has-thumbnail\">\n\t\t\t\t\t<a data-id=\"910\" href=\"http:\/\/dds-kruszyn.wloclawek.pl\/index.php\/2024\/01\/04\/spotkanie-wigilijne\/\" class=\"tpg-post-link\" target=\"_self\">                        <img fetchpriority=\"high\" decoding=\"async\" src=\"http:\/\/dds-kruszyn.wloclawek.pl\/wp-content\/uploads\/2024\/01\/20231219_102609-768x576.jpg\"\n                             class=\"rt-img-responsive\"\n                             width=\"768\"\n                             height=\"576\"\n                             alt=\"Spotkanie Wigilijne\">\n\t\t\t\t\t\t\n\t\t\t\t\t\t\t\n\t\t<\/a>\n\t\t        <div class=\"overlay grid-hover-content\"><\/div>\n\t\t\t\t\t\t<\/div>\n\t\t\t\n\t\t\t<div class=\"entry-title-wrapper\"><h3 class=\"entry-title\"><a data-id=\"910\" href=\"http:\/\/dds-kruszyn.wloclawek.pl\/index.php\/2024\/01\/04\/spotkanie-wigilijne\/\" class=\"tpg-post-link\" target=\"_self\">Spotkanie Wigilijne<\/a><\/h3><\/div>\n\t\t\t\t\t\t\t<div class=\"post-meta-tags rt-el-post-meta\">\n\t\t\t\t\t            <span class='date'>\n\t\t\t\t<i class='far fa-calendar-alt '><\/i>\t\t\t\t                    <a href=\"http:\/\/dds-kruszyn.wloclawek.pl\/index.php\/2024\/01\/04\/\">\n\t\t\t\t\t2024-01-04\t\t\t\t<\/a>\n\t\t\t\t\t\t\t<\/span>\n\t\t\t\t\t\t\t<\/div>\n\t\t\t\n\t\t\t\t\t\t\t<div class=\"tpg-excerpt tpg-el-excerpt\">\n\t\t\t\t\t\t\t\t\t\t\t<div class=\"tpg-excerpt-inner\">\n\t\t\t\t\t\t\t19 grudnia 2023 to data bardzo wyczekiwana w naszym kalendarzu. Przygotowania do spotkania Wigilijnego trwa\u0142y, a zaanga\u017cowani w nie byli wszyscy Seniorzy. Z pocz\u0105tkiem grudnia panowie obsadzili i...\t\t\t\t\t\t<\/div>\n\t\t\t\t\t\t\t\t\t\t\t\t\t\t<\/div>\n\t\t\t\n\t\t\t        <div class=\"post-footer\">\n            <div class=\"post-footer\">\n                <div class=\"read-more\">\n\t\t\t\t\t<a data-id=\"910\" href=\"http:\/\/dds-kruszyn.wloclawek.pl\/index.php\/2024\/01\/04\/spotkanie-wigilijne\/\" class=\"tpg-post-link\" target=\"_self\">Czytaj dalej<\/a>                <\/div>\n            <\/div>\n        <\/div>\n\t\t\t\t<\/div>\n\t<\/div>\n<\/div>\n\n<div class=\"rt-col-md-6 rt-col-sm-6 rt-col-xs-12 default rt-grid-item\" data-id=\"969\">\n\t<div class=\"rt-holder tpg-post-holder\">\n\t\t<div class=\"rt-detail rt-el-content-wrapper\">\n\t\t\t\t\t\t\t<div class=\"rt-img-holder tpg-el-image-wrap has-no-thumbnail\">\n\t\t\t\t\t<a data-id=\"969\" href=\"http:\/\/dds-kruszyn.wloclawek.pl\/index.php\/2023\/12\/15\/kopalnia-soli-w-klodawie-12-12-2023\/\" class=\"tpg-post-link\" target=\"_self\">\t\t\n\t\t<\/a>\n\t\t        <div class=\"overlay grid-hover-content\"><\/div>\n\t\t\t\t\t\t<\/div>\n\t\t\t\n\t\t\t<div class=\"entry-title-wrapper\"><h3 class=\"entry-title\"><a data-id=\"969\" href=\"http:\/\/dds-kruszyn.wloclawek.pl\/index.php\/2023\/12\/15\/kopalnia-soli-w-klodawie-12-12-2023\/\" class=\"tpg-post-link\" target=\"_self\">Kopalnia soli w K\u0142odawie 12.12.2023<\/a><\/h3><\/div>\n\t\t\t\t\t\t\t<div class=\"post-meta-tags rt-el-post-meta\">\n\t\t\t\t\t            <span class='date'>\n\t\t\t\t<i class='far fa-calendar-alt '><\/i>\t\t\t\t                    <a href=\"http:\/\/dds-kruszyn.wloclawek.pl\/index.php\/2023\/12\/15\/\">\n\t\t\t\t\t2023-12-15\t\t\t\t<\/a>\n\t\t\t\t\t\t\t<\/span>\n\t\t\t\t\t\t\t<\/div>\n\t\t\t\n\t\t\t\t\t\t\t<div class=\"tpg-excerpt tpg-el-excerpt\">\n\t\t\t\t\t\t\t\t\t\t\t<div class=\"tpg-excerpt-inner\">\n\t\t\t\t\t\t\tWraz z przewodnikiem zwiedzili\u015bmy podziemn\u0105 tras\u0119 turystyczn\u0105. Kopalnia Soli \u201eK\u0142odawa\u201d jest to najwi\u0119kszy producent soli w Polsce. Administracyjnie kopalnia soli w K\u0142odawie po\u0142o\u017cona jest w...\t\t\t\t\t\t<\/div>\n\t\t\t\t\t\t\t\t\t\t\t\t\t\t<\/div>\n\t\t\t\n\t\t\t        <div class=\"post-footer\">\n            <div class=\"post-footer\">\n                <div class=\"read-more\">\n\t\t\t\t\t<a data-id=\"969\" href=\"http:\/\/dds-kruszyn.wloclawek.pl\/index.php\/2023\/12\/15\/kopalnia-soli-w-klodawie-12-12-2023\/\" class=\"tpg-post-link\" target=\"_self\">Czytaj dalej<\/a>                <\/div>\n            <\/div>\n        <\/div>\n\t\t\t\t<\/div>\n\t<\/div>\n<\/div>\n\n<div class=\"rt-col-md-6 rt-col-sm-6 rt-col-xs-12 default rt-grid-item\" data-id=\"955\">\n\t<div class=\"rt-holder tpg-post-holder\">\n\t\t<div class=\"rt-detail rt-el-content-wrapper\">\n\t\t\t\t\t\t\t<div class=\"rt-img-holder tpg-el-image-wrap has-no-thumbnail\">\n\t\t\t\t\t<a data-id=\"955\" href=\"http:\/\/dds-kruszyn.wloclawek.pl\/index.php\/2023\/10\/20\/spotkanie-z-teatrem-spektakl-zemsta\/\" class=\"tpg-post-link\" target=\"_self\">\t\t\n\t\t<\/a>\n\t\t        <div class=\"overlay grid-hover-content\"><\/div>\n\t\t\t\t\t\t<\/div>\n\t\t\t\n\t\t\t<div class=\"entry-title-wrapper\"><h3 class=\"entry-title\"><a data-id=\"955\" href=\"http:\/\/dds-kruszyn.wloclawek.pl\/index.php\/2023\/10\/20\/spotkanie-z-teatrem-spektakl-zemsta\/\" class=\"tpg-post-link\" target=\"_self\">Spotkanie z teatrem spektakl &#8222;Zemsta&#8221;<\/a><\/h3><\/div>\n\t\t\t\t\t\t\t<div class=\"post-meta-tags rt-el-post-meta\">\n\t\t\t\t\t            <span class='date'>\n\t\t\t\t<i class='far fa-calendar-alt '><\/i>\t\t\t\t                    <a href=\"http:\/\/dds-kruszyn.wloclawek.pl\/index.php\/2023\/10\/20\/\">\n\t\t\t\t\t2023-10-20\t\t\t\t<\/a>\n\t\t\t\t\t\t\t<\/span>\n\t\t\t\t\t\t\t<\/div>\n\t\t\t\n\t\t\t\t\t\t\t<div class=\"tpg-excerpt tpg-el-excerpt\">\n\t\t\t\t\t\t\t\t\t\t\t<div class=\"tpg-excerpt-inner\">\n\t\t\t\t\t\t\tWyjazd do Brzeskiego Centrum Kultury i Historii \u201eWahad\u0142o\u201d w Brze\u015bciu Kujawskim na spektakl \u201eZEMSTA\u201d, 18 pa\u017adziernik 2023r. Zemsta mimo, \u017ce jest utworem niemal 200-letnim, wci\u0105\u017c bawi i zaskakuje. Jej...\t\t\t\t\t\t<\/div>\n\t\t\t\t\t\t\t\t\t\t\t\t\t\t<\/div>\n\t\t\t\n\t\t\t        <div class=\"post-footer\">\n            <div class=\"post-footer\">\n                <div class=\"read-more\">\n\t\t\t\t\t<a data-id=\"955\" href=\"http:\/\/dds-kruszyn.wloclawek.pl\/index.php\/2023\/10\/20\/spotkanie-z-teatrem-spektakl-zemsta\/\" class=\"tpg-post-link\" target=\"_self\">Czytaj dalej<\/a>                <\/div>\n            <\/div>\n        <\/div>\n\t\t\t\t<\/div>\n\t<\/div>\n<\/div>\n\n<div class=\"rt-col-md-6 rt-col-sm-6 rt-col-xs-12 default rt-grid-item\" data-id=\"794\">\n\t<div class=\"rt-holder tpg-post-holder\">\n\t\t<div class=\"rt-detail rt-el-content-wrapper\">\n\t\t\t\t\t\t\t<div class=\"rt-img-holder tpg-el-image-wrap has-thumbnail\">\n\t\t\t\t\t<a data-id=\"794\" href=\"http:\/\/dds-kruszyn.wloclawek.pl\/index.php\/2023\/10\/11\/wycieczka-do-warszawy\/\" class=\"tpg-post-link\" target=\"_self\">                        <img decoding=\"async\" src=\"http:\/\/dds-kruszyn.wloclawek.pl\/wp-content\/uploads\/2023\/10\/20231005_103305-768x576.jpg\"\n                             class=\"rt-img-responsive\"\n                             width=\"768\"\n                             height=\"576\"\n                             alt=\"Wycieczka do Warszawy\">\n\t\t\t\t\t\t\n\t\t\t\t\t\t\t\n\t\t<\/a>\n\t\t        <div class=\"overlay grid-hover-content\"><\/div>\n\t\t\t\t\t\t<\/div>\n\t\t\t\n\t\t\t<div class=\"entry-title-wrapper\"><h3 class=\"entry-title\"><a data-id=\"794\" href=\"http:\/\/dds-kruszyn.wloclawek.pl\/index.php\/2023\/10\/11\/wycieczka-do-warszawy\/\" class=\"tpg-post-link\" target=\"_self\">Wycieczka do Warszawy<\/a><\/h3><\/div>\n\t\t\t\t\t\t\t<div class=\"post-meta-tags rt-el-post-meta\">\n\t\t\t\t\t            <span class='date'>\n\t\t\t\t<i class='far fa-calendar-alt '><\/i>\t\t\t\t                    <a href=\"http:\/\/dds-kruszyn.wloclawek.pl\/index.php\/2023\/10\/11\/\">\n\t\t\t\t\t2023-10-11\t\t\t\t<\/a>\n\t\t\t\t\t\t\t<\/span>\n\t\t\t\t\t\t\t<\/div>\n\t\t\t\n\t\t\t\t\t\t\t<div class=\"tpg-excerpt tpg-el-excerpt\">\n\t\t\t\t\t\t\t\t\t\t\t<div class=\"tpg-excerpt-inner\">\n\t\t\t\t\t\t\t...\t\t\t\t\t\t<\/div>\n\t\t\t\t\t\t\t\t\t\t\t\t\t\t<\/div>\n\t\t\t\n\t\t\t        <div class=\"post-footer\">\n            <div class=\"post-footer\">\n                <div class=\"read-more\">\n\t\t\t\t\t<a data-id=\"794\" href=\"http:\/\/dds-kruszyn.wloclawek.pl\/index.php\/2023\/10\/11\/wycieczka-do-warszawy\/\" class=\"tpg-post-link\" target=\"_self\">Czytaj dalej<\/a>                <\/div>\n            <\/div>\n        <\/div>\n\t\t\t\t<\/div>\n\t<\/div>\n<\/div>\n\n<div class=\"rt-col-md-6 rt-col-sm-6 rt-col-xs-12 default rt-grid-item\" data-id=\"789\">\n\t<div class=\"rt-holder tpg-post-holder\">\n\t\t<div class=\"rt-detail rt-el-content-wrapper\">\n\t\t\t\t\t\t\t<div class=\"rt-img-holder tpg-el-image-wrap has-thumbnail\">\n\t\t\t\t\t<a data-id=\"789\" href=\"http:\/\/dds-kruszyn.wloclawek.pl\/index.php\/2023\/09\/18\/podroz-do-przeszlosci-kujawsko-dobrzynski-park-etnograficzny-w-klobce-10-09-2023\/\" class=\"tpg-post-link\" target=\"_self\">                        <img decoding=\"async\" src=\"http:\/\/dds-kruszyn.wloclawek.pl\/wp-content\/uploads\/2023\/09\/20230910_174726-768x683.jpg\"\n                             class=\"rt-img-responsive\"\n                             width=\"768\"\n                             height=\"683\"\n                             alt=\"Podr\u00f3\u017c do przesz\u0142o\u015bci &#8211; Kujawsko-Dobrzy\u0144ski Park Etnograficzny w K\u0142\u00f3bce 10.09.2023\">\n\t\t\t\t\t\t\n\t\t\t\t\t\t\t\n\t\t<\/a>\n\t\t        <div class=\"overlay grid-hover-content\"><\/div>\n\t\t\t\t\t\t<\/div>\n\t\t\t\n\t\t\t<div class=\"entry-title-wrapper\"><h3 class=\"entry-title\"><a data-id=\"789\" href=\"http:\/\/dds-kruszyn.wloclawek.pl\/index.php\/2023\/09\/18\/podroz-do-przeszlosci-kujawsko-dobrzynski-park-etnograficzny-w-klobce-10-09-2023\/\" class=\"tpg-post-link\" target=\"_self\">Podr\u00f3\u017c do przesz\u0142o\u015bci &#8211; Kujawsko-Dobrzy\u0144ski Park Etnograficzny w K\u0142\u00f3bce 10.09.2023<\/a><\/h3><\/div>\n\t\t\t\t\t\t\t<div class=\"post-meta-tags rt-el-post-meta\">\n\t\t\t\t\t            <span class='date'>\n\t\t\t\t<i class='far fa-calendar-alt '><\/i>\t\t\t\t                    <a href=\"http:\/\/dds-kruszyn.wloclawek.pl\/index.php\/2023\/09\/18\/\">\n\t\t\t\t\t2023-09-18\t\t\t\t<\/a>\n\t\t\t\t\t\t\t<\/span>\n\t\t\t\t\t\t\t<\/div>\n\t\t\t\n\t\t\t\t\t\t\t<div class=\"tpg-excerpt tpg-el-excerpt\">\n\t\t\t\t\t\t\t\t\t\t\t<div class=\"tpg-excerpt-inner\">\n\t\t\t\t\t\t\tW niedziel\u0119 10.09.2023 udali\u015bmy si\u0119 do Parku Etnograficznego w K\u0142\u00f3bce gmina Lubie\u0144 Kujawski na festyn folklorystyczny z cyklu \u201eZ \u017cycia dawnej wsi \u2013 deptanie kapusty\u201d. Podczas wizyty w skansenie...\t\t\t\t\t\t<\/div>\n\t\t\t\t\t\t\t\t\t\t\t\t\t\t<\/div>\n\t\t\t\n\t\t\t        <div class=\"post-footer\">\n            <div class=\"post-footer\">\n                <div class=\"read-more\">\n\t\t\t\t\t<a data-id=\"789\" href=\"http:\/\/dds-kruszyn.wloclawek.pl\/index.php\/2023\/09\/18\/podroz-do-przeszlosci-kujawsko-dobrzynski-park-etnograficzny-w-klobce-10-09-2023\/\" class=\"tpg-post-link\" target=\"_self\">Czytaj dalej<\/a>                <\/div>\n            <\/div>\n        <\/div>\n\t\t\t\t<\/div>\n\t<\/div>\n<\/div>\n\n<div class=\"rt-col-md-6 rt-col-sm-6 rt-col-xs-12 default rt-grid-item\" data-id=\"765\">\n\t<div class=\"rt-holder tpg-post-holder\">\n\t\t<div class=\"rt-detail rt-el-content-wrapper\">\n\t\t\t\t\t\t\t<div class=\"rt-img-holder tpg-el-image-wrap has-thumbnail\">\n\t\t\t\t\t<a data-id=\"765\" href=\"http:\/\/dds-kruszyn.wloclawek.pl\/index.php\/2023\/08\/29\/wycieczka-do-inowroclawia-2\/\" class=\"tpg-post-link\" target=\"_self\">                        <img loading=\"lazy\" decoding=\"async\" src=\"http:\/\/dds-kruszyn.wloclawek.pl\/wp-content\/uploads\/2023\/09\/20230829_160353-1-768x1024.jpg\"\n                             class=\"rt-img-responsive\"\n                             width=\"768\"\n                             height=\"1024\"\n                             alt=\"Wycieczka do Inowroc\u0142awia\">\n\t\t\t\t\t\t\n\t\t\t\t\t\t\t\n\t\t<\/a>\n\t\t        <div class=\"overlay grid-hover-content\"><\/div>\n\t\t\t\t\t\t<\/div>\n\t\t\t\n\t\t\t<div class=\"entry-title-wrapper\"><h3 class=\"entry-title\"><a data-id=\"765\" href=\"http:\/\/dds-kruszyn.wloclawek.pl\/index.php\/2023\/08\/29\/wycieczka-do-inowroclawia-2\/\" class=\"tpg-post-link\" target=\"_self\">Wycieczka do Inowroc\u0142awia<\/a><\/h3><\/div>\n\t\t\t\t\t\t\t<div class=\"post-meta-tags rt-el-post-meta\">\n\t\t\t\t\t            <span class='date'>\n\t\t\t\t<i class='far fa-calendar-alt '><\/i>\t\t\t\t                    <a href=\"http:\/\/dds-kruszyn.wloclawek.pl\/index.php\/2023\/08\/29\/\">\n\t\t\t\t\t2023-08-29\t\t\t\t<\/a>\n\t\t\t\t\t\t\t<\/span>\n\t\t\t\t\t\t\t<\/div>\n\t\t\t\n\t\t\t\t\t\t\t<div class=\"tpg-excerpt tpg-el-excerpt\">\n\t\t\t\t\t\t\t\t\t\t\t<div class=\"tpg-excerpt-inner\">\n\t\t\t\t\t\t\t29 sierpnia 2023 roku udali\u015bmy si\u0119 do Inowroc\u0142awia. Miasto uznawane jest za stolic\u0119&nbsp;Kujaw Zachodnich&nbsp;i tradycyjnie nazywane jest miastem na soli. W Inowroc\u0142awiu funkcjonuj\u0105 sanatoria, domy...\t\t\t\t\t\t<\/div>\n\t\t\t\t\t\t\t\t\t\t\t\t\t\t<\/div>\n\t\t\t\n\t\t\t        <div class=\"post-footer\">\n            <div class=\"post-footer\">\n                <div class=\"read-more\">\n\t\t\t\t\t<a data-id=\"765\" href=\"http:\/\/dds-kruszyn.wloclawek.pl\/index.php\/2023\/08\/29\/wycieczka-do-inowroclawia-2\/\" class=\"tpg-post-link\" target=\"_self\">Czytaj dalej<\/a>                <\/div>\n            <\/div>\n        <\/div>\n\t\t\t\t<\/div>\n\t<\/div>\n<\/div>\n\n<div class=\"rt-col-md-6 rt-col-sm-6 rt-col-xs-12 default rt-grid-item\" data-id=\"503\">\n\t<div class=\"rt-holder tpg-post-holder\">\n\t\t<div class=\"rt-detail rt-el-content-wrapper\">\n\t\t\t\t\t\t\t<div class=\"rt-img-holder tpg-el-image-wrap has-thumbnail\">\n\t\t\t\t\t<a data-id=\"503\" href=\"http:\/\/dds-kruszyn.wloclawek.pl\/index.php\/2023\/07\/18\/rejs-katamaranem-po-zalewie-wloclawskim\/\" class=\"tpg-post-link\" target=\"_self\">                        <img loading=\"lazy\" decoding=\"async\" src=\"http:\/\/dds-kruszyn.wloclawek.pl\/wp-content\/uploads\/2023\/07\/rejs-4-768x576.jpg\"\n                             class=\"rt-img-responsive\"\n                             width=\"768\"\n                             height=\"576\"\n                             alt=\"Rejs katamaranem po Zalewie W\u0142oc\u0142awskim\">\n\t\t\t\t\t\t\n\t\t\t\t\t\t\t\n\t\t<\/a>\n\t\t        <div class=\"overlay grid-hover-content\"><\/div>\n\t\t\t\t\t\t<\/div>\n\t\t\t\n\t\t\t<div class=\"entry-title-wrapper\"><h3 class=\"entry-title\"><a data-id=\"503\" href=\"http:\/\/dds-kruszyn.wloclawek.pl\/index.php\/2023\/07\/18\/rejs-katamaranem-po-zalewie-wloclawskim\/\" class=\"tpg-post-link\" target=\"_self\">Rejs katamaranem po Zalewie W\u0142oc\u0142awskim<\/a><\/h3><\/div>\n\t\t\t\t\t\t\t<div class=\"post-meta-tags rt-el-post-meta\">\n\t\t\t\t\t            <span class='date'>\n\t\t\t\t<i class='far fa-calendar-alt '><\/i>\t\t\t\t                    <a href=\"http:\/\/dds-kruszyn.wloclawek.pl\/index.php\/2023\/07\/18\/\">\n\t\t\t\t\t2023-07-18\t\t\t\t<\/a>\n\t\t\t\t\t\t\t<\/span>\n\t\t\t\t\t\t\t<\/div>\n\t\t\t\n\t\t\t\t\t\t\t<div class=\"tpg-excerpt tpg-el-excerpt\">\n\t\t\t\t\t\t\t\t\t\t\t<div class=\"tpg-excerpt-inner\">\n\t\t\t\t\t\t\tDnia 6 lipca 2023 udali\u015bmy si\u0119 na w\u0142oc\u0142awsk\u0105 przysta\u0144 mieszcz\u0105c\u0105 si\u0119 przy ulicy P\u0142ockiej 168, w celu odbycia rejsu katamaranem po Zalewie W\u0142oc\u0142awskim. Podczas rejsu wys\u0142uchali\u015bmy ciekawych opowie\u015bci...\t\t\t\t\t\t<\/div>\n\t\t\t\t\t\t\t\t\t\t\t\t\t\t<\/div>\n\t\t\t\n\t\t\t        <div class=\"post-footer\">\n            <div class=\"post-footer\">\n                <div class=\"read-more\">\n\t\t\t\t\t<a data-id=\"503\" href=\"http:\/\/dds-kruszyn.wloclawek.pl\/index.php\/2023\/07\/18\/rejs-katamaranem-po-zalewie-wloclawskim\/\" class=\"tpg-post-link\" target=\"_self\">Czytaj dalej<\/a>                <\/div>\n            <\/div>\n        <\/div>\n\t\t\t\t<\/div>\n\t<\/div>\n<\/div>\n\n<div class=\"rt-col-md-6 rt-col-sm-6 rt-col-xs-12 default rt-grid-item\" data-id=\"392\">\n\t<div class=\"rt-holder tpg-post-holder\">\n\t\t<div class=\"rt-detail rt-el-content-wrapper\">\n\t\t\t\t\t\t\t<div class=\"rt-img-holder tpg-el-image-wrap has-thumbnail\">\n\t\t\t\t\t<a data-id=\"392\" href=\"http:\/\/dds-kruszyn.wloclawek.pl\/index.php\/2023\/04\/08\/wycieczka-do-gniezna\/\" class=\"tpg-post-link\" target=\"_self\">                        <img loading=\"lazy\" decoding=\"async\" src=\"http:\/\/dds-kruszyn.wloclawek.pl\/wp-content\/uploads\/2023\/04\/Gniezno-Grupowe-1-768x1365.jpg\"\n                             class=\"rt-img-responsive\"\n                             width=\"768\"\n                             height=\"1365\"\n                             alt=\"Wycieczka do Gniezna\">\n\t\t\t\t\t\t\n\t\t\t\t\t\t\t\n\t\t<\/a>\n\t\t        <div class=\"overlay grid-hover-content\"><\/div>\n\t\t\t\t\t\t<\/div>\n\t\t\t\n\t\t\t<div class=\"entry-title-wrapper\"><h3 class=\"entry-title\"><a data-id=\"392\" href=\"http:\/\/dds-kruszyn.wloclawek.pl\/index.php\/2023\/04\/08\/wycieczka-do-gniezna\/\" class=\"tpg-post-link\" target=\"_self\">Wycieczka do Gniezna<\/a><\/h3><\/div>\n\t\t\t\t\t\t\t<div class=\"post-meta-tags rt-el-post-meta\">\n\t\t\t\t\t            <span class='date'>\n\t\t\t\t<i class='far fa-calendar-alt '><\/i>\t\t\t\t                    <a href=\"http:\/\/dds-kruszyn.wloclawek.pl\/index.php\/2023\/04\/08\/\">\n\t\t\t\t\t2023-04-08\t\t\t\t<\/a>\n\t\t\t\t\t\t\t<\/span>\n\t\t\t\t\t\t\t<\/div>\n\t\t\t\n\t\t\t\t\t\t\t<div class=\"tpg-excerpt tpg-el-excerpt\">\n\t\t\t\t\t\t\t\t\t\t\t<div class=\"tpg-excerpt-inner\">\n\t\t\t\t\t\t\t...\t\t\t\t\t\t<\/div>\n\t\t\t\t\t\t\t\t\t\t\t\t\t\t<\/div>\n\t\t\t\n\t\t\t        <div class=\"post-footer\">\n            <div class=\"post-footer\">\n                <div class=\"read-more\">\n\t\t\t\t\t<a data-id=\"392\" href=\"http:\/\/dds-kruszyn.wloclawek.pl\/index.php\/2023\/04\/08\/wycieczka-do-gniezna\/\" class=\"tpg-post-link\" target=\"_self\">Czytaj dalej<\/a>                <\/div>\n            <\/div>\n        <\/div>\n\t\t\t\t<\/div>\n\t<\/div>\n<\/div>\n\n<div class=\"rt-col-md-6 rt-col-sm-6 rt-col-xs-12 default rt-grid-item\" data-id=\"376\">\n\t<div class=\"rt-holder tpg-post-holder\">\n\t\t<div class=\"rt-detail rt-el-content-wrapper\">\n\t\t\t\t\t\t\t<div class=\"rt-img-holder tpg-el-image-wrap has-thumbnail\">\n\t\t\t\t\t<a data-id=\"376\" href=\"http:\/\/dds-kruszyn.wloclawek.pl\/index.php\/2023\/04\/08\/wycieczka-do-sejmu\/\" class=\"tpg-post-link\" target=\"_self\">                        <img loading=\"lazy\" decoding=\"async\" src=\"http:\/\/dds-kruszyn.wloclawek.pl\/wp-content\/uploads\/2023\/04\/Sejm-3-768x506.jpg\"\n                             class=\"rt-img-responsive\"\n                             width=\"768\"\n                             height=\"506\"\n                             alt=\"Wycieczka do Sejmu\">\n\t\t\t\t\t\t\n\t\t\t\t\t\t\t\n\t\t<\/a>\n\t\t        <div class=\"overlay grid-hover-content\"><\/div>\n\t\t\t\t\t\t<\/div>\n\t\t\t\n\t\t\t<div class=\"entry-title-wrapper\"><h3 class=\"entry-title\"><a data-id=\"376\" href=\"http:\/\/dds-kruszyn.wloclawek.pl\/index.php\/2023\/04\/08\/wycieczka-do-sejmu\/\" class=\"tpg-post-link\" target=\"_self\">Wycieczka do Sejmu<\/a><\/h3><\/div>\n\t\t\t\t\t\t\t<div class=\"post-meta-tags rt-el-post-meta\">\n\t\t\t\t\t            <span class='date'>\n\t\t\t\t<i class='far fa-calendar-alt '><\/i>\t\t\t\t                    <a href=\"http:\/\/dds-kruszyn.wloclawek.pl\/index.php\/2023\/04\/08\/\">\n\t\t\t\t\t2023-04-08\t\t\t\t<\/a>\n\t\t\t\t\t\t\t<\/span>\n\t\t\t\t\t\t\t<\/div>\n\t\t\t\n\t\t\t\t\t\t\t<div class=\"tpg-excerpt tpg-el-excerpt\">\n\t\t\t\t\t\t\t\t\t\t\t<div class=\"tpg-excerpt-inner\">\n\t\t\t\t\t\t\t...\t\t\t\t\t\t<\/div>\n\t\t\t\t\t\t\t\t\t\t\t\t\t\t<\/div>\n\t\t\t\n\t\t\t        <div class=\"post-footer\">\n            <div class=\"post-footer\">\n                <div class=\"read-more\">\n\t\t\t\t\t<a data-id=\"376\" href=\"http:\/\/dds-kruszyn.wloclawek.pl\/index.php\/2023\/04\/08\/wycieczka-do-sejmu\/\" class=\"tpg-post-link\" target=\"_self\">Czytaj dalej<\/a>                <\/div>\n            <\/div>\n        <\/div>\n\t\t\t\t<\/div>\n\t<\/div>\n<\/div>\n\t\t\t<\/div>\n\t\t\t\n\t\t<\/div>\n\t\t\t\t\t\t<\/div>\n\t\t\t\t<\/div>\n\t\t\t\t\t<\/div>\n\t\t<\/div>\n\t\t\t\t\t<\/div>\n\t\t<\/section>\n\t\t\t\t<\/div>\n\t\t","protected":false},"excerpt":{"rendered":"<p>Galeria Wycieczka do Gniezna 2023-04-08 &#8230; Czytaj dalej Wycieczka do Sejmu 2023-04-08 &#8230; Czytaj dalej Zaj\u0119cia R\u0119kodzielnicze 2023-04-08 &#8230; Czytaj dalej<\/p>\n","protected":false},"author":1,"featured_media":0,"parent":0,"menu_order":0,"comment_status":"closed","ping_status":"closed","template":"","meta":{"site-sidebar-layout":"no-sidebar","site-content-layout":"page-builder","ast-site-content-layout":"","site-content-style":"default","site-sidebar-style":"default","ast-global-header-display":"","ast-banner-title-visibility":"","ast-main-header-display":"","ast-hfb-above-header-display":"","ast-hfb-below-header-display":"","ast-hfb-mobile-header-display":"","site-post-title":"disabled","ast-breadcrumbs-content":"","ast-featured-img":"disabled","footer-sml-layout":"","theme-transparent-header-meta":"","adv-header-id-meta":"","stick-header-meta":"","header-above-stick-meta":"","header-main-stick-meta":"","header-below-stick-meta":"","astra-migrate-meta-layouts":"default","ast-page-background-enabled":"default","ast-page-background-meta":{"desktop":{"background-color":"var(--ast-global-color-4)","background-image":"","background-repeat":"repeat","background-position":"center center","background-size":"auto","background-attachment":"scroll","background-type":"","background-media":"","overlay-type":"","overlay-color":"","overlay-opacity":"","overlay-gradient":""},"tablet":{"background-color":"","background-image":"","background-repeat":"repeat","background-position":"center center","background-size":"auto","background-attachment":"scroll","background-type":"","background-media":"","overlay-type":"","overlay-color":"","overlay-opacity":"","overlay-gradient":""},"mobile":{"background-color":"","background-image":"","background-repeat":"repeat","background-position":"center center","background-size":"auto","background-attachment":"scroll","background-type":"","background-media":"","overlay-type":"","overlay-color":"","overlay-opacity":"","overlay-gradient":""}},"ast-content-background-meta":{"desktop":{"background-color":"var(--ast-global-color-5)","background-image":"","background-repeat":"repeat","background-position":"center center","background-size":"auto","background-attachment":"scroll","background-type":"","background-media":"","overlay-type":"","overlay-color":"","overlay-opacity":"","overlay-gradient":""},"tablet":{"background-color":"var(--ast-global-color-5)","background-image":"","background-repeat":"repeat","background-position":"center center","background-size":"auto","background-attachment":"scroll","background-type":"","background-media":"","overlay-type":"","overlay-color":"","overlay-opacity":"","overlay-gradient":""},"mobile":{"background-color":"var(--ast-global-color-5)","background-image":"","background-repeat":"repeat","background-position":"center center","background-size":"auto","background-attachment":"scroll","background-type":"","background-media":"","overlay-type":"","overlay-color":"","overlay-opacity":"","overlay-gradient":""}},"footnotes":""},"class_list":["post-219","page","type-page","status-publish","hentry"],"rttpg_featured_image_url":null,"rttpg_author":{"display_name":"SW_Admin","author_link":"http:\/\/dds-kruszyn.wloclawek.pl\/index.php\/author\/sw_admin\/"},"rttpg_comment":0,"rttpg_category":"","rttpg_excerpt":"Galeria Wycieczka do Gniezna 2023-04-08 &#8230; Czytaj dalej Wycieczka do Sejmu 2023-04-08 &#8230; Czytaj dalej Zaj\u0119cia R\u0119kodzielnicze 2023-04-08 &#8230; Czytaj dalej","_links":{"self":[{"href":"http:\/\/dds-kruszyn.wloclawek.pl\/index.php\/wp-json\/wp\/v2\/pages\/219","targetHints":{"allow":["GET"]}}],"collection":[{"href":"http:\/\/dds-kruszyn.wloclawek.pl\/index.php\/wp-json\/wp\/v2\/pages"}],"about":[{"href":"http:\/\/dds-kruszyn.wloclawek.pl\/index.php\/wp-json\/wp\/v2\/types\/page"}],"author":[{"embeddable":true,"href":"http:\/\/dds-kruszyn.wloclawek.pl\/index.php\/wp-json\/wp\/v2\/users\/1"}],"replies":[{"embeddable":true,"href":"http:\/\/dds-kruszyn.wloclawek.pl\/index.php\/wp-json\/wp\/v2\/comments?post=219"}],"version-history":[{"count":4,"href":"http:\/\/dds-kruszyn.wloclawek.pl\/index.php\/wp-json\/wp\/v2\/pages\/219\/revisions"}],"predecessor-version":[{"id":413,"href":"http:\/\/dds-kruszyn.wloclawek.pl\/index.php\/wp-json\/wp\/v2\/pages\/219\/revisions\/413"}],"wp:attachment":[{"href":"http:\/\/dds-kruszyn.wloclawek.pl\/index.php\/wp-json\/wp\/v2\/media?parent=219"}],"curies":[{"name":"wp","href":"https:\/\/api.w.org\/{rel}","templated":true}]}}